2 - 1. Let d be ((-6)/2)/(11 + -14). Give y(d).
6
Let v(d) be the third derivative of d**5/12 + d**4/24 - d**3/6 - 8*d**2 - 18*d. Let z be -1 + -1 - (3 + -9). Suppose 3*c + c = z. Give v(c).
5
Let o(n) = 11*n**3 - 21*n**2 + 27*n - 22. Let i(d) = 3*d**3 - 7*d**2 + 9*d - 7. Let s(g) = -7*i(g) + 2*o(g). Give s(-8).
13
Let k(b) = 16*b**2 + 8*b + 5. Let h(j) = -32*j**2 - 17*j - 11. Let w(g) = 6*h(g) + 13*k(g). Give w(1).
17
Let b(p) = -3*p - 4. Let v = -338 - -333. Determine b(v).
11
Let s(d) be the second derivative of -2*d**3 + 3*d + d**3 + 2*d**3. Suppose k + 9 = 10*k. What is s(k)?
6
Let o be 6/10 + 304/(-40). Let v(h) = h**2 + 7*h. Calculate v(o).
0
Let l(a) = -a**2 + 4*a - 3. Let r be 100/(-125) - 418/(-10). Let k = -39 + r. Give l(k).
1
Let o(f) be the second derivative of f**8/6720 - f**7/2520 - f**6/360 + f**5/40 - 7*f**4/6 - 23*f. Let y(l) be the third derivative of o(l). Determine y(2).
3
Suppose -18*z + 112 = -122. Let w(s) = s - 18. Determine w(z).
-5
Let j(f) = f**2 - 7*f + 1. Let q(d) = d**2 - 7*d + 1. Let i(l) = -4*j(l) + 3*q(l). Suppose -5*y + 5*m = -65, 103*m - 33 = 3*y + 109*m. Calculate i(y).
9
Let m(b) = 3*b + 4. Let n be 2*((-84)/(-8) + -8). Determine m(n).
19
Let g(w) = -5*w - w**2 + 0*w**2 + 7*w**2 - 5*w**2 - 7 - 6. Calculate g(6).
-7
Let g(q) = 4*q**2 - 5*q + 5. Let a(d) = d**2 + 2. Let j(x) = -2*a(x) + g(x). Calculate j(2).
-1
Suppose -43 = 18*h + 5 + 24. Let w(i) = 4*i**2 + 2*i + 3. Let c(v) = -3*v**2 - 2*v - 3. Let t(k) = -3*c(k) - 2*w(k). Determine t(h).
11
Let b(v) = 4*v - 12*v + 12 - 2 + 6*v. Suppose -5*l + 35 = 3*y, 2*y + 28 = 4*l + 5*y. What is b(l)?
-4
Let j(q) be the third derivative of q**6/120 + q**5/10 - 5*q**4/24 - 2*q**3/3 - 6*q**2. Let n(m) = -6*m + 23. Let o be n(5). Calculate j(o).
-18
Let a(b) be the second derivative of -1/3*b**3 + b**2 + 0 + 17*b - 1/3*b**4. Calculate a(-2).
-10
Let h(i) = -2*i**2 - 2 - 1 - 5*i + i**2. Suppose 22 = 3*w + w - m, -2*w - 4*m = -20. Suppose 21*o - w = 24*o. Calculate h(o).
3
Let z(c) = -c + 4. Suppose 3*f + 3 = 12. Calculate z(f).
1
Let p be (-70)/(-49) + -2 - 48/14. Let z(o) = o**2 + 2*o + 4. Determine z(p).
12
Let g(a) = -a**2 + a + 2. Suppose 3*t - 15 = -2*d, 4*d + 12*t = 16*t. What is g(d)?
-4
Let g(m) = 8*m - 1. Let h(u) = -u**3 + 25*u**2 - 25*u + 22. Let y be h(24). What is g(y)?
-17
Let a(z) = z**3 + 9*z**2 + 7*z. Let b(t) = -t**2 - 7*t - 18. Let q be b(-2). Give a(q).
8
Let i(g) = -14*g**3 - 8*g**2 - 7*g + 10. Let n(y) = 3*y**3 + y**2 - 1. Let o(q) = i(q) + 5*n(q). Give o(4).
-7
Suppose 0*k = 2*k - 4. Let w(d) = -46*d - 36. Let v(m) = -16*m - 13. Let g(b) = 14*v(b) - 5*w(b). What is g(k)?
10
Let c(t) = -1972 + 3928 - t - 1976. Give c(-11).
-9
Suppose -5*b + 9*b - 3*r + 41 = 0, -2*b = 5*r + 27. Let u(m) = m**2 + 12*m - 11. What is u(b)?
-22
Let t(u) be the first derivative of u**2/2 - 2*u - 89. Calculate t(-5).
-7
Let h(t) = 13*t - 1. Let y(o) = -50 + 4*o - 2*o + 50. Let p(v) = h(v) - 6*y(v). Let w = -1 - 0. Calculate p(w).
-2
Suppose 0 = -5*z - 7 - 13. Let h be (-282)/(-26) - z/26. Let w = h + -8. Let u(v) = v**2 - v + 2. What is u(w)?
8
Suppose 0 = -5*k + s + s + 111, 27 = k + 2*s. Let r = 27 - k. Let t(g) = -g**2 + 3*g - 3. What is t(r)?
-7
Let y(m) = m**2 + 7*m. Let r be (15/(-9))/((-7)/21). Suppose 2*t - 2 = 8. Suppose t*q - r = -35. Determine y(q).
-6
Let q(m) = -m**2 - 2*m - 3. Suppose 166 = 5*d - 184. Let o be (6/(-4))/((-5)/d). Let f be (-56)/o + 2/3. Calculate q(f).
-3
Let j(w) = 5*w + 48. Let g be j(-9). Let x(v) = -v + 5. Let f(s) = s - 6. Let r(l) = 5*f(l) + 6*x(l). Determine r(g).
-3
Let g(h) be the first derivative of 2*h**3/3 + h**2 + h - 25. Let n = 1 + -2. Let u(z) = -z**3 + z. Let d(j) = n*g(j) + 2*u(j). What is d(-2)?
7
Let x(h) be the first derivative of h**2/2 + 11*h - 143. Suppose 24 = 3*w + c, -16 = -2*w - 2*c - 2*c. Let i = w + -14. Calculate x(i).
5
Let q(w) be the third derivative of -w**7/420 - w**6/360 + w**5/120 + w**4/24 - 5*w**3/2 - 6*w**2. Let o(x) be the first derivative of q(x). Determine o(2).
-17
Let n(g) be the third derivative of -g**5/60 + 2*g**4/3 - g**3/2 - 10*g**2. Let c be n(15). Let t(u) = 7*u + 10*u + 5 - 23*u + c*u. Determine t(-4).
-19
Let j(q) = -q**2 - 10*q. Let u be ((-4)/(-1))/(((-72)/(-45))/(-4)). Calculate j(u).
0
Let j(y) = -y**2 - 1. Let b be j(-1). Let m be 18/72 + b/8. Let u(v) be the second derivative of v**4/12 - v**3/6 - 7*v**2 - 2*v. Determine u(m).
-14
Let r be (11/(33/2))/((-2)/(-24)). Let z(j) = -r - 4 + 5 - 5 + j. Determine z(6).
-6
Let o(i) = -7*i + 1. Let v = -18 + 18. Suppose v = 6*t + 6 + 6. Determine o(t).
15
Suppose -f + 5 = 4*f. Let o(q) be the second derivative of 9/20*q**5 + 0*q**2 + 10*q + 1/12*q**4 + 0 - 1/6*q**3. What is o(f)?
9
Let t be 2/(-5) - (-17)/5. Let g(k) = -2*k**2 + 5*k - 2. Give g(t).
-5
Let b = 24 - 20. Let h(a) = 3*a + 1 - b + 0 - 5*a. Calculate h(6).
-15
Let n(y) be the second derivative of y**5/10 + 5*y**4/12 + 2*y**3/3 + 2*y**2 - y + 5. What is n(-3)?
-17
Let x(t) = -t**2 + 4*t + 8. Let c be x(5). Suppose 3*z - 30 = -3*l - 2*l, -5*l + c*z = -30. Let y(r) = r**2 - 5*r - 5. Determine y(l).
1
Let s(i) = -i**2 - 3*i + 6. Let p(g) = g**2 + 4*g - 7. Let v(w) = 5*p(w) + 6*s(w). Let u be 4/24 - 130/60. Give v(u).
-7
Let h(k) = -2*k**2 - 5*k + 9. Let o = -758 + 751. What is h(o)?
-54
Let q(m) = 2*m + 1 - m**2 + 3*m**2 + m. Let z be 1/(-2)*11/(33/(-60)). Suppose 10 = -2*x, 0 = -0*r + 5*r - 4*x - z. Calculate q(r).
3
Let h be 2/(-5*4/30). Let t(l) = 4 + 15*l + 16*l - 5*l**2 + l**3 - 34*l - 2*l**3. Give t(h).
-5
Suppose -2*k = 3 - 7. Suppose 0*f + x + 26 = k*f, 4*f - 40 = -x. Suppose -3*p = f - 2. Let j(o) = 2*o**2 + 4*o. What is j(p)?
6
Let t be (-5)/6*-15*2. Let f = t - 16. Let z(b) = 2 - 1 - 2 - b + f*b. What is z(-1)?
-9
Let n(z) be the second derivative of -z**4/12 + 3*z**3/2 + 5*z**2 - 114*z. What is n(10)?
0
Let x(b) = -b**3 + 5*b**2 - 4*b + 1. Let q be (-5)/40 - 17/(-8). Give x(q).
5
Let k(q) = -2*q**3 + 1 + 16*q**3 + q**2 + 336*q - 335*q. Calculate k(-1).
-13
Let k(m) = m**2 - 11*m - 3. Let i be k(8). Let t = 25 + i. Let l(v) be the third derivative of -v**6/120 - v**3/3 + v**2. Calculate l(t).
6
Let w be 1/(-4) - 55/(-44). Let b = w - -14. Let r(t) = b + 3*t - 14 - 7*t. Give r(1).
-3
Let m(r) be the third derivative of r**5/60 - 5*r**4/24 + 11*r**3/6 + 525*r**2. What is m(4)?
7
Let k(l) = l**2 + 5*l - 3. Let i be (-2)/(-13) + ((-575)/(-65) - 1). Suppose -i*n + 7*n + 3*w = 9, 3 = -n - 3*w. What is k(n)?
3
Let c = -47 + 68. Suppose 5*m = c - 6. Let y(s) be the second derivative of -s**3/6 + 3*s**2/2 + 206*s. Determine y(m).
0
Let b(w) be the first derivative of -37*w**2/2 - w + 12. Give b(1).
-38
Let l = -34 - -36. Let i(m) = 1 - m**l - 16*m + 19*m - m**2. Calculate i(3).
-8
Let g(q) = -6*q. Let a be 2/(-10) + (-602)/215. Give g(a).
18
Let x(a) = 54*a + 12. Let q(y) = 19*y + 4. Let c(m) = -17*q(m) + 6*x(m). Give c(-7).
-3
Let w(k) = k**2 - 2*k + 1. Let j(p) = -15*p**2 - 2*p + 1. Let d(g) = -j(g) + 2*w(g). What is d(1)?
16
Let z(d) = -d + 3. Let f(a) = -2*a + 20. Let o be f(0). Suppose -2*p - p = -h - o, -2*h - 25 = -3*p. What is z(h)?
8
Let x(n) = 3*n**2 - 2*n**2 + 7*n**3 + 2*n + 1 - 12*n**3. Suppose 0 = 5*l + 4 + 1. Calculate x(l).
5
Let k(z) = 15*z. Let g(i) = i + 19 + 15*i**2 + 7*i - 29*i**2 + 13*i**2. Let s be g(10). What is k(s)?
-15
Let b(j) be the first derivative of j**2/2 + 13*j - 291. Give b(-14).
-1
Let n = 62 - 50. Let g(a) = -n*a + 46 - 18 - 18 - 12. Determine g(-3).
34
Suppose 0 = -5*t + 2*d - 5, -4*d = t - 27 + 6. Let y = -90 - -84. Let i(w) = 11*w + 7. Let b(z) = -12*z - 8. Let n(h) = y*b(h) - 7*i(h). What is n(t)?
-6
Let o(u) = u**2 - 6*u - 4. Let a(t) = 2*t**2 - 10*t - 6. Suppose -5*x = -40 + 10. Let f be a(x). Calculate o(f).
-4
Suppose -5*k = 0, -5*l + 2*k + 17 = -63. Let u(d) = d**3 - 15*d**2 - 15*d + 14. What is u(l)?
30
Let j(r) be the first derivative of -r**4/4 + 2*r**3 + 5*r**2 - 9*r + 46. Calculate j(7).
12
Let w(p) be the third derivative of p**5/60 - p**4/2 + 11*p**3/3 - 10*p**2 + 6. Give w(9).
-5
Let b = -181 + 170. Let m(q) = q**3 + 11*q**2 + q - 3. Determine m(b).
-14
Let j(d) = 6*d - 30. Let a be j(5). Let l(t) = -3*t - 6. Determine l(a).
-6
Let c = 13 + -14. Let n(y) be the first derivative of -7*y**2 - y - 5. Determine n(c).
13
Let j(i) = 